-40?
39
In base 9, what is -1 + -131?
-132
In base 8, what is -5 - 137?
-144
In base 3, what is 10210000 - -12?
10210012
In base 8, what is 2 - 15?
-13
In base 7, what is -4 - 1126?
-1133
In base 4, what is -102 - 33232?
-100000
In base 12, what is -53 - -2b?
-24
In base 5, what is -3021 - -3?
-3013
In base 2, what is 100000 + -11111?
1
In base 7, what is 1326 + -2?
1324
In base 2, what is 1 - 111001?
-111000
In base 14, what is 3c + b9?
117
In base 5, what is 241 + 1?
242
In base 8, what is -20 - 14?
-34
In base 2, what is -100000111100 + -10?
-100000111110
In base 15, what is b40 + 4?
b44
In base 15, what is -3 + 3?
0
In base 13, what is 28 + 0?
28
In base 14, what is -857 - 0?
-857
In base 2, what is -11 - 1010001?
-1010100
In base 15, what is -6 + -1714?
-171a
In base 16, what is 42 + 24?
66
In base 16, what is -60 + 112?
b2
In base 16, what is 80 + -12?
6e
In base 13, what is 62 + -5?
5a
In base 14, what is 6c + 2?
70
In base 6, what is -2 + -3120?
-3122
In base 11, what is 26 + -11?
15
In base 12, what is -138 + 12?
-126
In base 11, what is 2 + -605?
-603
In base 14, what is -4 - 32?
-36
In base 3, what is -2211012 + 0?
-2211012
In base 15, what is 3 - -2a?
2d
In base 6, what is -1322 - -10?
-1312
In base 8, what is -646 + -41?
-707
In base 10, what is 1307 + -2?
1305
In base 15, what is 7 - 1?
6
In base 14, what is -58 - 1?
-59
In base 14, what is -7 - -11?
8
In base 9, what is 1 + 42?
43
In base 2, what is -1111010101 + 10?
-1111010011
In base 4, what is -12 - -2210?
2132
In base 7, what is 4660 + 4?
4664
In base 10, what is 347 + 11?
358
In base 8, what is -2 + 13?
11
In base 12, what is 1 + 46?
47
In base 10, what is -23 - -39?
16
In base 12, what is -3 - a?
-11
In base 9, what is 1 + -2?
-1
In base 15, what is c + 12?
1e
In base 3, what is -20120 + 12?
-20101
In base 11, what is 970 + 5?
975
In base 10, what is 118 - 186?
-68
In base 3, what is 201222 + 11?
202010
In base 2, what is -101101101110 + -1?
-101101101111
In base 4, what is -10 - 123101?
-123111
In base 6, what is 4 - -24?
32
In base 9, what is -4 - 63?
-67
In base 13, what is -332 + -4?
-336
In base 9, what is 1 - 44?
-43
In base 6, what is 0 + -2501?
-2501
In base 14, what is -43d + 5?
-438
In base 11, what is 5 - -2183?
2188
In base 5, what is 2410 + 4?
2414
In base 11, what is -9 - 395?
-3a3
In base 9, what is 2121 + -3?
2117
In base 15, what is -54a - 5?
-550
In base 13, what is 6 - 25?
-1c
In base 13, what is -5 + 6?
1
In base 13, what is 2 - -1643?
1645
In base 10, what is -1178 + 5?
-1173
In base 16, what is 5 - 1b?
-16
In base 7, what is 2 + 1405?
1410
In base 2, what is -1100011 - -11001?
-1001010
In base 15, what is -7 - -84?
7c
In base 9, what is -3105 + -2?
-3107
In base 8, what is 15 - 160?
-143
In base 15, what is -a - -3?
-7
In base 8, what is 15 - 4?
11
In base 7, what is -201505 + 1?
-201504
In base 14, what is 94 - -65?
119
In base 9, what is 5 - 354?
-348
In base 13, what is 484 - 0?
484
In base 10, what is 4608 + 0?
4608
In base 4, what is -10 - 120?
-130
In base 9, what is 623 + -1?
622
In base 14, what is 0 - -35?
35
In base 4, what is 200 + 12033?
12233
In base 8, what is 20217 + 3?
20222
In base 4, what is 321132 - -1?
321133
In base 3, what is 2 - -10110?
10112
In base 4, what is 3 + 23103?
23112
In base 6, what is 20 + -3230?
-3210
In base 11, what is 3 + -861?
-859
In base 8, what is 30 + 101?
131
In base 7, what is 6610 - 14?
6563
In base 11, what is 3 + 6a?
72
In base 14, what is dc - -b?
109
In base 6, what is 4 + -42?
-34
In base 6, what is 45 + 102?
151
In base 9, what is 81 - 1?
80
In base 2, what is 10100001101 - -1011?
10100011000
In base 12, what is -41 + 12?
-2b
In base 12, what is 4 + 111?
115
In base 14, what is -3 + 346?
343
In base 9, what is 148 + 24?
173
In base 3, what is -122012 - -1200?
-120112
In base 8, what is 33 + 1245?
1300
In base 13, what is -43 - 1?
-44
In base 5, what is -201 - -3?
-143
In base 8, what is -4 - -4?
0
In base 6, what is -24 + -11?
-35
In base 2, what is -101 - 110?
-1011
In base 9, what is 1 + -507?
-506
In base 8, what is 3 - 26?
-23
In base 12, what is -28 + b?
-19
In base 7, what is 526 + -2?
524
In base 6, what is 3 - 423?
-420
In base 13, what is -1 + 1a?
19
In base 12, what is 0 - -1830?
1830
In base 16, what is 10e - -5?
113
In base 7, what is 506 + 0?
506
In base 9, what is -2 - -38?
36
In base 7, what is -1402 - -1?
-1401
In base 9, what is 2 + 78?
81
In base 2, what is -101111010 - -100?
-101110110
In base 10, what is -7 - 9?
-16
In base 6, what is 31 - 1342?
-1311
In base 6, what is -30 - -1?
-25
In base 13, what is 29 - c?
1a
In base 5, what is 12 - 4044?
-4032
In base 15, what is -10 - 1c?
-2c
In base 12, what is -1 + 96?
95
In base 8, what is -450 - -1?
-447
In base 16, what is -d + 2e?
21
In base 3, what is 1101 + -1?
1100
In base 11, what is -16490 + -2?
-16492
In base 13, what is 4 - -112?
116
In base 12, what is 4 - 368?
-364
In base 16, what is 74 - -b?
7f
In base 14, what is -4 + -18?
-1c
In base 15, what is -220 - b?
-22b
In base 16, what is a5b + -3?
a58
In base 13, what is -b7 + -8?
-c2
In base 7, what is -11 + 45?
34
In base 9, what is -28 + -53?
-82
In base 13, what is -5 - -51?
49
In base 15, what is 1 + 293?
294
In base 3, what is -2011121 + -11?
-2011202
In base 10, what is 2 - 55?
-53
In base 3, what is -1011001 - -2?
-1010222
In base 6, what is 3 + -3?
0
In base 15, what is d - -a6?
b4
In base 13, what is -4 + -146a?
-1471
In base 16, what is 7 + 933?
93a
In base 7, what is -250 + 5?
-242
In base 10, what is 181 + 12?
193
In base 13, what is 4 - -19?
20
In base 4, what is -12 - -1003131?
1003113
In base 13, what is -2c - -5?
-27
In base 16, what is 0 + 11?
11
In base 15, what is 2b + 32?
5d
In base 11, what is -3 - -49?
46
In base 5, what is -1 - -13310?
13304
In base 12, what is 0 + -356?
-356
In base 13, what is -5 - a5?
-aa
In base 6, what is 22 + 450?
512
In base 2, what is -1 + -100001110?
-100001111
In base 7, what is -3 + -4146?
-4152
In base 10, what is -7 + 2236?
2229
In base 7, what is -3116 - -1?
-3115
In base 16, what is -5 + -2b?
-30
In base 9, what is -140 + -7?
-147
In base 4, what is -1 - -1110?
1103
In base 4, what is 1002210 + -10?
1002200
In base 2, what is 10001 + 1010?
11011
In base 9, what is 8 - 302?
-283
In base 7, what is 123 - -11?
134
In base 2, what is 100 + 100111011?
100111111
In base 12, what is 1 - -4?
5
In base 14, what is -b4 + 5?
-ad
In base 11, what is 5 + -172?
-168
In base 16, what is -b6 - 4?
-ba
In base 16, what is 955 + -1?
954
In base 2, what is -1110100 + 1100?
-1101000
In base 14, what is -1381 - 2?
-1383
In base 13, what is -2710 - -4?
-2709
In base 13, what is -a + -a?
-17
In base 2, what is 0 + 10111001101?
10111001101
In base 15, what is 2051 + 5?
2056
In base 5, what is 0 - 14140?
-14140
In base 15, what is -24a + -4?
-24e
In base 13, what is 1 + -14?
-13
In base 5, what is -4 - 114?
-123
In base 15, what is 4 + 145?
149
In base 13, what is -25 + -c4?
-119
In base 12, what is 4 - -174?
178
In base 5, what is -10 - -42?
32
In base 3, what is -221000110 + 1?
-221000102
In base 10, what is 0 + 236?
236
In base 7, what is -30 + 1?
-26
In base 9, what is 5555 + 4?
5560
In base 13, what is -3 - 1459?
-145c
In base 10, what is -5 + -95?
-100
In base 6, what is -1040 + -3?
-1043
In base 2, what is 100 - 111110?
-111010
In base 3, what is -1222000 - -12?
-1221211
In base 3, what is 10 + -11002?
-10222
In base 13, what is -62 + a?
-55
In base 6, what is 3034 + 1?
3035
In base 5, what is -24 + 123?
44
In base 5, what is 3 - 12313?
-12310
In base 6, what is -254 - 424?
-1122
In base 8, what is -47 - 7?
-56
In base 8, what is 2 - 1567?
-1565
In base 13, what is 2 + 1a?
1c
In base 15, what is 11 - -90?
a1
In base 4, what is -1102 - 10?
-1112
In base 14, what is 852c + -3?
8529
In base 10, what is 26 - -5?
31
In base 13, what is 55 - -2?
57
In base 5, what is -103 + -2?
-110
In base 7, what is -336 - 0?
-336
In base 13, what is 260 + 5?
265
In base 3, what is 120111 + 0?
120111
In base 5, what is 140 - 30?
110
In base 7, what is 6 + -321?
-312
In base 2, what is 100 - -1000010?
1000110
In base 10, what is -1 + 121?
120
In base 2, what is 10100010101111 + 11?
10100010110010
In base 7, what is -12 + -102?
-114
In base 5, what is -10414 